).
1
Let c(i) = -60*i - 136. What is c(3)?
-316
Let g(j) = -2*j**2 - 52*j + 16. Determine g(-28).
-96
Let m(o) = 3*o**3 - 19*o**2 - 102*o + 281. Give m(9).
11
Let o(r) = -r**3 + 9*r**2 + 3*r + 46. Determine o(10).
-24
Let d(t) = -8*t**3 + t**2 + 13*t - 25. Give d(-4).
451
Let g(d) = -8*d**2 - 9*d - 25. Give g(-3).
-70
Let l(c) = 56*c + 2726. Determine l(-49).
-18
Let g(s) = -s**3 - 128*s**2 + 1676*s - 583. What is g(-140)?
-23
Let f(g) = -86*g**2 - 7145*g - 587. Calculate f(-83).
-6
Let b(m) = 4*m + 74. Determine b(-15).
14
Let r(m) = 2*m**2 - 49*m - 270. Determine r(-5).
25
Let u(f) = 5*f**2 - 697*f - 1872. Calculate u(142).
-26
Let s(g) = -20*g + 839. What is s(44)?
-41
Let h(p) = -30*p - 314. Determine h(-10).
-14
Let x(u) = 125*u + 63. What is x(0)?
63
Let k(a) = -a**2 - 6200*a - 24790. Calculate k(-4).
-6
Let t(i) = i**3 + 8*i**2 - 672*i + 108. Give t(22).
-156
Let u(s) = 682*s + 22519. Give u(-33).
13
Let y(n) = -145*n - 10300. Determine y(-71).
-5
Let x(t) = 12*t**2 - 61*t + 46. Determine x(4).
-6
Let w(j) = 9*j + 12. Calculate w(5).
57
Let h(j) = j**3 - 9*j**2 - 45*j - 46. Give h(13).
45
Let g(x) = 97*x + 65. Calculate g(-1).
-32
Let q(v) = -v**3 - 59*v**2 - 93*v - 2022. Calculate q(-58).
8
Let b(u) = -193*u + 31660. Calculate b(164).
8
Let w(c) = 20*c - 131. What is w(7)?
9
Let l(t) = 3*t**2 - 32*t - 18. Determine l(11).
-7
Let h(b) = b**3 + 15*b**2 - 50*b - 2. What is h(3)?
10
Let m(g) = -g**3 - 2*g**2 + 15*g - 307. Determine m(0).
-307
Let r(h) = 97*h - 8827. Give r(91).
0
Let c(a) = -22*a + 535. Determine c(24).
7
Let v(w) = -8*w**3 - 72*w**2 + 6*w + 36. Give v(-9).
-18
Let l(p) = 12*p. Give l(-4).
-48
Let p(q) = -q**2 + 7*q + 20. Give p(9).
2
Let c(m) = -171*m - 1966. Give c(-11).
-85
Let h(u) = 2*u**3 + 81*u**2 - 39*u + 86. Determine h(-41).
4
Let k(w) = -1166*w + 18781. What is k(16)?
125
Let g(h) = 1519*h + 9109. What is g(-6)?
-5
Let k(p) = -2*p**3 - 26*p**2 + 4*p - 13. Give k(-13).
-65
Let o(u) = -2*u**3 + 22*u**2 + 9*u - 100. What is o(11)?
-1
Let n(h) = -h**3 - 41*h**2 - 328*h + 56. What is n(-30)?
-4
Let p(g) = -46*g - 376. Calculate p(4).
-560
Let y(w) = -3*w**2 + 60*w - 55. Calculate y(7).
218
Let d(f) = -35*f + 321. What is d(8)?
41
Let k(x) = -4*x**2 + 3*x - 56. Calculate k(-8).
-336
Let s(g) = 3*g**2 - 528*g - 2159. Determine s(180).
1
Let m(v) = 270*v - 1338. Calculate m(5).
12
Let x(m) = -290*m + 2085. Determine x(7).
55
Let v(i) = -57*i + 831. Give v(15).
-24
Let j(t) = 79*t**3 + t**2 + t - 1. What is j(1)?
80
Let h(f) = 661*f - 10562. Give h(16).
14
Let z(t) = -157*t - 3062. Determine z(-18).
-236
Let j(q) = 2*q**3 + 18*q**2 - 19*q + 260. Calculate j(-12).
-376
Let r(p) = -p**3 + 31*p**2 + 33*p - 104. Determine r(32).
-72
Let l(s) = -s**2 + 18*s - 8. Determine l(5).
57
Let v(l) = 18*l**3 + l + 3. Determine v(-2).
-143
Let s(c) = -7*c**2 - 127*c - 311. Calculate s(-3).
7
Let a(g) = -2*g**3 - 32*g**2 + 25. Determine a(-16).
25
Let p(l) = 2*l**3 + 12*l**2 - 6*l - 9. Calculate p(-7).
-65
Let l(x) = -14*x**2 - 38*x + 38. Determine l(1).
-14
Let i(u) = -3*u**2 - 37*u - 16. What is i(-12)?
-4
Let b(o) = -o**3 - 12*o**2 - 17*o + 11. Calculate b(-6).
-103
Let k(p) = -2*p**3 + 13*p**2 + 29*p + 25. Give k(9).
-119
Let y(q) = 138*q + 271. What is y(-4)?
-281
Let c(h) = -7*h**2 - 3797*h + 3797. Calculate c(1).
-7
Let o(y) = -5*y**2 - 85*y - 71. Determine o(-16).
9
Let n(d) = -456*d - 20071. What is n(-44)?
-7
Let m(k) = 92*k - 4305. Give m(47).
19
Let f(c) = c**2 + 54*c - 5203. Calculate f(50).
-3
Let w(x) = 2*x**3 - 46*x**2 + 5*x - 91. Determine w(23).
24
Let s(v) = -200*v + 17424. What is s(87)?
24
Let q(c) = -c**3 + 8*c**2 + 36. Calculate q(5).
111
Let n(l) = l**3 - 9*l**2 + 85*l - 449. Give n(6).
-47
Let u(p) = -p**2 - 12828*p + 12828. Calculate u(1).
-1
Let c(j) = -j**2 + 3*j + 44. Give c(-14).
-194
Let u(w) = -7*w**2 - 641*w + 151. What is u(-92)?
-125
Let a(x) = 2*x**3 - 94*x**2 - 10*x + 344. Determine a(47).
-126
Let z(b) = b**3 + 23*b**2 + 51*b + 211. What is z(-21)?
22
Let a(m) = -2*m**3 - 72*m**2 + 165*m - 126. What is a(-38)?
-620
Let t(n) = 11*n**3 + 81*n**2 + 19*n + 14. Calculate t(-7).
77
Let p(q) = q**3 + 11*q**2 + 18*q + 320. Determine p(-12).
-40
Let n(w) = -w - 491. Calculate n(-38).
-453
Let m(h) = h**3 - 3*h**2 - 20*h + 15. Calculate m(6).
3
Let h(m) = -178*m - 4677. Calculate h(-27).
129
Let t(q) = 4*q**3 + 236*q**2 + 3*q + 85. Give t(-59).
-92
Let q(n) = 6*n**2 - 122*n + 76. Determine q(19).
-76
Let x(c) = 5*c**3 + 3*c**2 + 12*c + 51. Calculate x(-3).
-93
Let k(d) = -3*d**3 + 498*d**2 + d - 143. Give k(166).
23
Let g(x) = -x**3 + 19*x**2 + 24*x - 335. Give g(20).
-255
Let l(j) = 6*j**2 - 13*j + 27. Calculate l(6).
165
Let f(x) = x**3 + 19*x**2 - 151*x + 19. What is f(6)?
13
Let o(m) = 5341*m + 42725. Determine o(-8).
-3
Let t(j) = -j**2 - 2*j + 402. Calculate t(19).
3
Let t(l) = -2*l**2 - 4404*l - 8802. Calculate t(-2).
-2
Let v(f) = -f**2 - 23*f - 111. Calculate v(-16).
1
Let k(h) = h**2 - 51*h - 451. Calculate k(59).
21
Let f(c) = -119*c + 6536. Give f(55).
-9
Let f(c) = 16*c - 259. Determine f(27).
173
Let a(l) = -6*l - 116. Give a(-3).
-98
Let i(f) = -364*f - 113920. Give i(-313).
12
Let b(w) = 221*w + 440. Calculate b(-2).
-2
Let o(y) = y**3 - y**2 + 3*y - 4. What is o(3)?
23
Let b(g) = 108*g**2 + 6151*g - 289. What is b(-57)?
-4
Let u(m) = -9*m + 734. Give u(82).
-4
Let l(t) = 24*t + 147. Calculate l(-13).
-165
Let p(s) = -4*s**2 + 15*s + 36. Calculate p(-3).
-45
Let p(c) = 40*c - 736. What is p(16)?
-96
Let d(l) = l**3 - 44*l**2 - 474*l - 168. Give d(53).
-9
Let a(x) = x**2 - 20*x - 27. Calculate a(24).
69
Let o(y) = -427*y + 29. Calculate o(1).
-398
Let o(h) = -588*h**2 + h + 2. Give o(1).
-585
Let p(w) = -10*w**3 + 17*w**2 + 16*w - 2. Calculate p(-1).
9
Let u(t) = -167*t - 9637. Give u(-58).
49
Let y(q) = -2*q**2 - 30*q - 157. What is y(-10)?
-57
Let j(c) = -23*c - 461. What is j(-20)?
-1
Let b(j) = j**2 - 7*j - 130. What is b(15)?
-10
Let g(x) = 23*x**2 - 22*x + 20. Calculate g(1).
21
Let o(g) = g**3 + 221*g**2 - 49*g - 10847. Determine o(-221).
-18
Let a(l) = 564*l - 3943. Give a(7).
5
Let z(x) = -x**3 + 20*x**2 + 14*x - 208. Determine z(20).
72
Let o(g) = 2134*g - 10668. Calculate o(5).
2
Let u(n) = -n**3 - 12*n**2 - 27*n + 45. Calculate u(-9).
45
Let b(q) = 4*q**2 + 176*q - 3843. Determine b(16).
-3
Let y(k) = -3*k**2 - 745*k - 1487. What is y(-2)?
-9
Let r(s) = -4*s - 336. Calculate r(-83).
-4
Let x(k) = k**3 + 28*k**2 + 53*k + 9. What is x(-26)?
-17
Let f(c) = c**3 + 85*c**2 - 173*c + 45. Give f(-87).
-42
Let c(w) = 692*w - 2755. Determine c(4).
13
Let s(a) = 5414*a - 27073. Determine s(5).
-3
Let y(z) = -295*z + 2382. Give y(8).
22
Let z(o) = -307*o + 941. Determine z(3).
20
Let y(c) = -c**3 - 4*c**2 + 389*c + 123. Give y(18).
-3
Let z(l) = -5*l**3 + l**2 - 12*l + 12. What is z(2)?
-48
Let c(p) = -2*p**3 - 111*p**2 + 2031*p + 66. Determine c(-70).
-4
Let h(t) = -t**3 + 80*t**2 - 8*t + 563. What is h(80)?
-77
Let n(p) = -16*p**2 - 381*p - 626. Give n(-22).
12
Let c(h) = -h**3 - 56*h**2 + 112*h - 225. Give c(-58).
7
Let w(i) = -30*i + 166. Calculate w(13).
-224
Let p(y) = y**3 + 27*y**2 - 1307*y + 175. What is p(25)?
0
Let q(y) = -15*y - 151. Give q(-28).
269
Let g(x) = -x**2 - 896*x + 6310. Give g(7).
-11
Let u(p) = 2*p**3 - 5*p**2 + 5*p - 5. What is u(-5)?
-405
Let u(c) = -18*c + 78. What is u(7)?
-48
Let k(t) = 268*t + 1325. Determine k(-5).
-15
Let x(b) = -114*b**2 + 564*b + 17. Determine x(5).
-13
Let q(h) = -864*h + 2516. Calculate q(3).
-76
Let m(d) = d**2 - 27*d - 20. Determine m(-1).
8
Let r(p) = 264*p + 9750. Give r(-37).
-18
Let i(v) = -466*v - 5584. What is i(-12)?
8
Let o(d) = 2*d**3 + 43*d**2 + 17*d - 27. Give o(-21).
57
Let x(f) = -4*f**2 + 180*f - 31. Calculate x(45).
-31
Let f(z) = -z**3 + 30*z**2 + 27*z + 118. Calculate f(31).
-6
Let g(r) = 4*r**2 - 61*r + 168. Determine g(15).
153
Let o(h) = h**3 - 1859*h**2 - 14942*h - 42. Calculate o(-8).
6
Let k(m) = -398*m + 5171. Determine k(13).
-3
Let f(n) = -n**3 + 2*n**2 + 83*n - 19. Determine f(10).
11
Let m(j) = 2*j**2 - 14*j - 446. Give m(19).
10
Let i(r) = r**3 - r**2 - r + 2. Calculate i(6).
176
Let w(h) = 23*h + 1134. Determine w(-52).
-62
Let y(h) = -h**3 + 9*h**2 + 53*h. Give y(13).
13
Let g(i) = -162*i**2 - 71*i - 1